{"id":4479,"date":"2017-01-10T16:03:16","date_gmt":"2017-01-10T15:03:16","guid":{"rendered":"http:\/\/www.amatustra.de\/fotografie\/?page_id=4479"},"modified":"2022-10-02T18:46:18","modified_gmt":"2022-10-02T16:46:18","slug":"privatfotos","status":"publish","type":"page","link":"http:\/\/www.amatustra.de\/fotografie\/produkte\/privatfotos\/","title":{"rendered":"Privatfotos"},"content":{"rendered":"<div class=\"wpb-content-wrapper\"><p>[vc_row][vc_column][napoli_custom_text_block title=&#8220;Privatfotografie&#8220; subtitle=&#8220;VOR ALLEM SPASS!&#8220; btn_text=&#8220;BUCHEN&#8220; btn_url=&#8220;http:\/\/www.amatustra.de\/fotografie\/kontakt\/buchen\/&#8220;]Die Privatfotografie l\u00e4uft bei uns ganz unkompliziert und nicht in einem Studio.<\/p>\n<p>Bei der <strong>Kleinkinder-, Baby- und Schwangerenfotografie<\/strong> arbeiten wir gerne in vertrauter Atmosph\u00e4re.<br \/>\nDie Baby- und Schwangerenaufnahmen erstellen wir daher sehr gerne bei euch zu Hause, denn dort l\u00e4sst sich alles flexibel und zwanglos gestalten und es ist alles sch\u00f6n kuschelig und vertraut f\u00fcr euch und f\u00fcr euer Baby. Denn euer Zuhause ist das beste \u201eStudio\u201c f\u00fcr das Baby und euch.<\/p>\n<p>Das Angebot bei der Edition f\u00fcr 235,00 EUR umfasst neben der Fotosession, die Bildselektion, die digitale Bildbearbeitung und die Bereitstellung (jpg) als Download per Link.<br \/>\nEine Anfahrt bis 10 Km um die PLZ D-61250 ist zudem inkl.<br \/>\nUnd schaut auch einmal bei unseren <a href=\"http:\/\/www.amatustra.de\/fotografie\/produkte\/drucke-fotoabzuege-rahmen\/\">Drucken und Rahmen<\/a> vorbei.<br \/>\nRuft an und lasst Euch beraten: 06081.4460680.<\/p>\n<p>Die <strong>Kleine<\/strong>n sind ganz gro\u00df, wenn es um Lachen, Tr\u00e4umen und Nachdenklichkeit geht. Dabei ber\u00fchren sie oft unser Herz und man bewahrt den Augenblick auf Ewig in seinen Gedanken.<br \/>\nWir kommen in vertraute Umgebungen, zu euch nach Hause oder wir sind in der Natur oder der Stadt unterwegs und bannen diese Momente f\u00fcr euch auf Fotos. Euer Kind, die Familie \u2013 ganz wie ihr m\u00f6chtet. Ungezwungen und nat\u00fcrlich. So wie Kindheit sein sollte.<\/p>\n<p>F\u00fcr <strong>Portraits<\/strong> fahren wir an passende Ort. Je nachdem, ob sie verschenkt werden oder f\u00fcr eine Bewerbung eingesetzt werden sollen.<\/p>\n<p><strong>Fashion and more<\/strong><br \/>\nBei diesem<em> Shooting<\/em> bist du der Star.<br \/>\nWir definieren gemeinsam mit dir das Ziel. Kleidung wird aus dem eigenen Kleiderschrank ausgew\u00e4hlt oder ggf. geliehen. Accessoires und Requisiten werden organisiert. Als Location dienen Stadt, Industriebauten, Parks, Baustellen, Bahnh\u00f6fe, Hallen, Zimmer, die Natur \u2013 kurz: das was gew\u00fcnscht wird und gef\u00e4llt.<\/p>\n<p>Optional kann zur Fotosession eine Visagistin und auch Catering gebucht werden.<br \/>\nOder du h\u00e4ltst es einfach nach dem Motto \u201enat\u00fcrlich sch\u00f6n\u201c und in einem kleineren Rahmen entstehen \u00e4sthetische Fotos zu einem attraktiven Preis.<br \/>\nOb klein, gro\u00df oder \u201eHollywood\u201c \u2013 ausprobieren!<\/p>\n<blockquote><p>Weitere Infos und Buchungen bei uns:<br \/>\nTel. 06081.4460680\u00a0 |\u00a0 mobil: 0157.72563795 &amp; 0178.4911135<br \/>\nemail: <a href=\"mailto:klick@amatustra.de\">klick@amatustra.de<\/a>\u00a0 |\u00a0 <a title=\"Kontaktformular\" href=\"http:\/\/www.amatustra.de\/fotografie\/kontakt\/\">Kontaktformular<\/a><\/p><\/blockquote>\n<p>[\/napoli_custom_text_block][\/vc_column][\/vc_row]<\/p>\n<\/div>","protected":false},"excerpt":{"rendered":"<p>[vc_row][vc_column][napoli_custom_text_block title=&#8220;Privatfotografie&#8220; subtitle=&#8220;VOR ALLEM SPASS!&#8220; btn_text=&#8220;BUCHEN&#8220; btn_url=&#8220;http:\/\/www.amatustra.de\/fotografie\/kontakt\/buchen\/&#8220;]Die Privatfotografie l\u00e4uft bei uns ganz unkompliziert und nicht in einem Studio. Bei der Kleinkinder-, Baby- und Schwangerenfotografie arbeiten wir gerne in vertrauter Atmosph\u00e4re. Die Baby- und Schwangerenaufnahmen erstellen wir daher sehr gerne bei euch zu Hause, denn dort l\u00e4sst sich alles flexibel und zwanglos gestalten und es ist [&hellip;]<\/p>\n","protected":false},"author":1,"featured_media":0,"parent":4143,"menu_order":0,"comment_status":"closed","ping_status":"closed","template":"","meta":{"footnotes":""},"class_list":["post-4479","page","type-page","status-publish","hentry"],"yoast_head":"<!-- This site is optimized with the Yoast SEO plugin v26.6 - https:\/\/yoast.com\/wordpress\/plugins\/seo\/ -->\n<title>Privatfotos - amatustra fotografie |&nbsp;Hochzeitsfotografen &bull;&nbsp;Hochzeitsfilm &bull; Schwangerschaft-, Baby-, Kinder-, Familienfotos &bull;&nbsp;Event- und gewerbliche Fotografie<\/title>\n<meta name=\"description\" content=\"Privatfotografie: Schwangerschaft- und Babyfotografie. Familien- und Knderfotografie. Wir konservieren besondere Momente authentisch in emotionalen Bildern.\" \/>\n<meta name=\"robots\" content=\"index, follow, max-snippet:-1, max-image-preview:large, max-video-preview:-1\" \/>\n<link rel=\"canonical\" href=\"http:\/\/www.amatustra.de\/fotografie\/produkte\/privatfotos\/\" \/>\n<meta property=\"og:locale\" content=\"de_DE\" \/>\n<meta property=\"og:type\" content=\"article\" \/>\n<meta property=\"og:title\" content=\"Privatfotos - amatustra fotografie |&nbsp;Hochzeitsfotografen &bull;&nbsp;Hochzeitsfilm &bull; Schwangerschaft-, Baby-, Kinder-, Familienfotos &bull;&nbsp;Event- und gewerbliche Fotografie\" \/>\n<meta property=\"og:description\" content=\"Privatfotografie: Schwangerschaft- und Babyfotografie. Familien- und Knderfotografie. Wir konservieren besondere Momente authentisch in emotionalen Bildern.\" \/>\n<meta property=\"og:url\" content=\"http:\/\/www.amatustra.de\/fotografie\/produkte\/privatfotos\/\" \/>\n<meta property=\"og:site_name\" content=\"amatustra fotografie |&nbsp;Hochzeitsfotografen &bull;&nbsp;Hochzeitsfilm &bull; Schwangerschaft-, Baby-, Kinder-, Familienfotos &bull;&nbsp;Event- und gewerbliche Fotografie\" \/>\n<meta property=\"article:publisher\" content=\"https:\/\/www.facebook.com\/amatustra\" \/>\n<meta property=\"article:modified_time\" content=\"2022-10-02T16:46:18+00:00\" \/>\n<meta name=\"twitter:card\" content=\"summary_large_image\" \/>\n<meta name=\"twitter:label1\" content=\"Gesch\u00e4tzte Lesezeit\" \/>\n\t<meta name=\"twitter:data1\" content=\"2\u00a0Minuten\" \/>\n<script type=\"application\/ld+json\" class=\"yoast-schema-graph\">{\"@context\":\"https:\/\/schema.org\",\"@graph\":[{\"@type\":\"WebPage\",\"@id\":\"http:\/\/www.amatustra.de\/fotografie\/produkte\/privatfotos\/\",\"url\":\"http:\/\/www.amatustra.de\/fotografie\/produkte\/privatfotos\/\",\"name\":\"Privatfotos - amatustra fotografie |&nbsp;Hochzeitsfotografen &bull;&nbsp;Hochzeitsfilm &bull; Schwangerschaft-, Baby-, Kinder-, Familienfotos &bull;&nbsp;Event- und gewerbliche Fotografie\",\"isPartOf\":{\"@id\":\"http:\/\/www.amatustra.de\/fotografie\/#website\"},\"datePublished\":\"2017-01-10T15:03:16+00:00\",\"dateModified\":\"2022-10-02T16:46:18+00:00\",\"description\":\"Privatfotografie: Schwangerschaft- und Babyfotografie. Familien- und Knderfotografie. Wir konservieren besondere Momente authentisch in emotionalen Bildern.\",\"breadcrumb\":{\"@id\":\"http:\/\/www.amatustra.de\/fotografie\/produkte\/privatfotos\/#breadcrumb\"},\"inLanguage\":\"de\",\"potentialAction\":[{\"@type\":\"ReadAction\",\"target\":[\"http:\/\/www.amatustra.de\/fotografie\/produkte\/privatfotos\/\"]}]},{\"@type\":\"BreadcrumbList\",\"@id\":\"http:\/\/www.amatustra.de\/fotografie\/produkte\/privatfotos\/#breadcrumb\",\"itemListElement\":[{\"@type\":\"ListItem\",\"position\":1,\"name\":\"Startseite\",\"item\":\"http:\/\/www.amatustra.de\/fotografie\/\"},{\"@type\":\"ListItem\",\"position\":2,\"name\":\"Produkte\",\"item\":\"http:\/\/www.amatustra.de\/fotografie\/produkte\/\"},{\"@type\":\"ListItem\",\"position\":3,\"name\":\"Privatfotos\"}]},{\"@type\":\"WebSite\",\"@id\":\"http:\/\/www.amatustra.de\/fotografie\/#website\",\"url\":\"http:\/\/www.amatustra.de\/fotografie\/\",\"name\":\"amatustra fotografie |&nbsp;Hochzeitsfotografen &bull;&nbsp;Hochzeitsfilm &bull; Schwangerschaft-, Baby-, Kinder-, Familienfotos &bull;&nbsp;Event- und gewerbliche Fotografie\",\"description\":\"\",\"publisher\":{\"@id\":\"http:\/\/www.amatustra.de\/fotografie\/#organization\"},\"potentialAction\":[{\"@type\":\"SearchAction\",\"target\":{\"@type\":\"EntryPoint\",\"urlTemplate\":\"http:\/\/www.amatustra.de\/fotografie\/?s={search_term_string}\"},\"query-input\":{\"@type\":\"PropertyValueSpecification\",\"valueRequired\":true,\"valueName\":\"search_term_string\"}}],\"inLanguage\":\"de\"},{\"@type\":\"Organization\",\"@id\":\"http:\/\/www.amatustra.de\/fotografie\/#organization\",\"name\":\"amatustra - strickroth & fiege fotografie\",\"url\":\"http:\/\/www.amatustra.de\/fotografie\/\",\"logo\":{\"@type\":\"ImageObject\",\"inLanguage\":\"de\",\"@id\":\"http:\/\/www.amatustra.de\/fotografie\/#\/schema\/logo\/image\/\",\"url\":\"http:\/\/www.amatustra.de\/fotografie\/wp-content\/uploads\/amatustra_fotografie_Logo__black_1338x412px.png\",\"contentUrl\":\"http:\/\/www.amatustra.de\/fotografie\/wp-content\/uploads\/amatustra_fotografie_Logo__black_1338x412px.png\",\"width\":1338,\"height\":412,\"caption\":\"amatustra - strickroth & fiege fotografie\"},\"image\":{\"@id\":\"http:\/\/www.amatustra.de\/fotografie\/#\/schema\/logo\/image\/\"},\"sameAs\":[\"https:\/\/www.facebook.com\/amatustra\",\"https:\/\/de.pinterest.com\/amatustra\/\",\"https:\/\/www.youtube.com\/user\/agency22\"]}]}<\/script>\n<!-- \/ Yoast SEO plugin. -->","yoast_head_json":{"title":"Privatfotos - amatustra fotografie |&nbsp;Hochzeitsfotografen &bull;&nbsp;Hochzeitsfilm &bull; Schwangerschaft-, Baby-, Kinder-, Familienfotos &bull;&nbsp;Event- und gewerbliche Fotografie","description":"Privatfotografie: Schwangerschaft- und Babyfotografie. Familien- und Knderfotografie. Wir konservieren besondere Momente authentisch in emotionalen Bildern.","robots":{"index":"index","follow":"follow","max-snippet":"max-snippet:-1","max-image-preview":"max-image-preview:large","max-video-preview":"max-video-preview:-1"},"canonical":"http:\/\/www.amatustra.de\/fotografie\/produkte\/privatfotos\/","og_locale":"de_DE","og_type":"article","og_title":"Privatfotos - amatustra fotografie |&nbsp;Hochzeitsfotografen &bull;&nbsp;Hochzeitsfilm &bull; Schwangerschaft-, Baby-, Kinder-, Familienfotos &bull;&nbsp;Event- und gewerbliche Fotografie","og_description":"Privatfotografie: Schwangerschaft- und Babyfotografie. Familien- und Knderfotografie. Wir konservieren besondere Momente authentisch in emotionalen Bildern.","og_url":"http:\/\/www.amatustra.de\/fotografie\/produkte\/privatfotos\/","og_site_name":"amatustra fotografie |&nbsp;Hochzeitsfotografen &bull;&nbsp;Hochzeitsfilm &bull; Schwangerschaft-, Baby-, Kinder-, Familienfotos &bull;&nbsp;Event- und gewerbliche Fotografie","article_publisher":"https:\/\/www.facebook.com\/amatustra","article_modified_time":"2022-10-02T16:46:18+00:00","twitter_card":"summary_large_image","twitter_misc":{"Gesch\u00e4tzte Lesezeit":"2\u00a0Minuten"},"schema":{"@context":"https:\/\/schema.org","@graph":[{"@type":"WebPage","@id":"http:\/\/www.amatustra.de\/fotografie\/produkte\/privatfotos\/","url":"http:\/\/www.amatustra.de\/fotografie\/produkte\/privatfotos\/","name":"Privatfotos - amatustra fotografie |&nbsp;Hochzeitsfotografen &bull;&nbsp;Hochzeitsfilm &bull; Schwangerschaft-, Baby-, Kinder-, Familienfotos &bull;&nbsp;Event- und gewerbliche Fotografie","isPartOf":{"@id":"http:\/\/www.amatustra.de\/fotografie\/#website"},"datePublished":"2017-01-10T15:03:16+00:00","dateModified":"2022-10-02T16:46:18+00:00","description":"Privatfotografie: Schwangerschaft- und Babyfotografie. Familien- und Knderfotografie. Wir konservieren besondere Momente authentisch in emotionalen Bildern.","breadcrumb":{"@id":"http:\/\/www.amatustra.de\/fotografie\/produkte\/privatfotos\/#breadcrumb"},"inLanguage":"de","potentialAction":[{"@type":"ReadAction","target":["http:\/\/www.amatustra.de\/fotografie\/produkte\/privatfotos\/"]}]},{"@type":"BreadcrumbList","@id":"http:\/\/www.amatustra.de\/fotografie\/produkte\/privatfotos\/#breadcrumb","itemListElement":[{"@type":"ListItem","position":1,"name":"Startseite","item":"http:\/\/www.amatustra.de\/fotografie\/"},{"@type":"ListItem","position":2,"name":"Produkte","item":"http:\/\/www.amatustra.de\/fotografie\/produkte\/"},{"@type":"ListItem","position":3,"name":"Privatfotos"}]},{"@type":"WebSite","@id":"http:\/\/www.amatustra.de\/fotografie\/#website","url":"http:\/\/www.amatustra.de\/fotografie\/","name":"amatustra fotografie |&nbsp;Hochzeitsfotografen &bull;&nbsp;Hochzeitsfilm &bull; Schwangerschaft-, Baby-, Kinder-, Familienfotos &bull;&nbsp;Event- und gewerbliche Fotografie","description":"","publisher":{"@id":"http:\/\/www.amatustra.de\/fotografie\/#organization"},"potentialAction":[{"@type":"SearchAction","target":{"@type":"EntryPoint","urlTemplate":"http:\/\/www.amatustra.de\/fotografie\/?s={search_term_string}"},"query-input":{"@type":"PropertyValueSpecification","valueRequired":true,"valueName":"search_term_string"}}],"inLanguage":"de"},{"@type":"Organization","@id":"http:\/\/www.amatustra.de\/fotografie\/#organization","name":"amatustra - strickroth & fiege fotografie","url":"http:\/\/www.amatustra.de\/fotografie\/","logo":{"@type":"ImageObject","inLanguage":"de","@id":"http:\/\/www.amatustra.de\/fotografie\/#\/schema\/logo\/image\/","url":"http:\/\/www.amatustra.de\/fotografie\/wp-content\/uploads\/amatustra_fotografie_Logo__black_1338x412px.png","contentUrl":"http:\/\/www.amatustra.de\/fotografie\/wp-content\/uploads\/amatustra_fotografie_Logo__black_1338x412px.png","width":1338,"height":412,"caption":"amatustra - strickroth & fiege fotografie"},"image":{"@id":"http:\/\/www.amatustra.de\/fotografie\/#\/schema\/logo\/image\/"},"sameAs":["https:\/\/www.facebook.com\/amatustra","https:\/\/de.pinterest.com\/amatustra\/","https:\/\/www.youtube.com\/user\/agency22"]}]}},"_links":{"self":[{"href":"http:\/\/www.amatustra.de\/fotografie\/wp-json\/wp\/v2\/pages\/4479","targetHints":{"allow":["GET"]}}],"collection":[{"href":"http:\/\/www.amatustra.de\/fotografie\/wp-json\/wp\/v2\/pages"}],"about":[{"href":"http:\/\/www.amatustra.de\/fotografie\/wp-json\/wp\/v2\/types\/page"}],"author":[{"embeddable":true,"href":"http:\/\/www.amatustra.de\/fotografie\/wp-json\/wp\/v2\/users\/1"}],"replies":[{"embeddable":true,"href":"http:\/\/www.amatustra.de\/fotografie\/wp-json\/wp\/v2\/comments?post=4479"}],"version-history":[{"count":8,"href":"http:\/\/www.amatustra.de\/fotografie\/wp-json\/wp\/v2\/pages\/4479\/revisions"}],"predecessor-version":[{"id":7974,"href":"http:\/\/www.amatustra.de\/fotografie\/wp-json\/wp\/v2\/pages\/4479\/revisions\/7974"}],"up":[{"embeddable":true,"href":"http:\/\/www.amatustra.de\/fotografie\/wp-json\/wp\/v2\/pages\/4143"}],"wp:attachment":[{"href":"http:\/\/www.amatustra.de\/fotografie\/wp-json\/wp\/v2\/media?parent=4479"}],"curies":[{"name":"wp","href":"https:\/\/api.w.org\/{rel}","templated":true}]}}