{"id":4143,"date":"2017-01-10T11:07:25","date_gmt":"2017-01-10T10:07:25","guid":{"rendered":"http:\/\/www.amatustra.de\/fotografie\/?page_id=4143"},"modified":"2023-01-09T14:01:54","modified_gmt":"2023-01-09T13:01:54","slug":"produkte","status":"publish","type":"page","link":"http:\/\/www.amatustra.de\/fotografie\/produkte\/","title":{"rendered":"Produkte"},"content":{"rendered":"<div class=\"wpb-content-wrapper\"><p>[vc_row][vc_column][napoli_custom_text_block title=&#8220;UNSERE PRODUKTE&#8220; subtitle=&#8220;SCHAU SCHAU&#8220;]<span style=\"color: #dedede;\">Als Fotografen k\u00f6nnen wir f\u00fcr private und gewerbliche Fotografie gebucht werden.<br \/>\nHier findet ihr eine \u00dcbersicht \u00fcber unsere Angebotspalette z.T. mit Basispreisen.<br \/>\nUnd auf der Seite <a href=\"http:\/\/www.amatustra.de\/fotografie\/infos\/meinungen\"><em>Meinungen<\/em><\/a> findet ihr Kundenstimmen zu unserer Arbeit.<br \/>\n<\/span><span style=\"color: #dedede;\">Wir beraten euch gerne auch pers\u00f6nlich:<\/span><\/p>\n<p><span style=\"color: #dedede;\">Tel. 06081.4460680\u00a0 |\u00a0 mobil: 0157.72563795 &amp; 0178.4911135\u00a0 |\u00a0 <a href=\"mailto:klick@amatustra.de\">email<\/a><\/span><span style=\"color: #dedede;\">\u00a0 |\u00a0<\/span> <a href=\"http:\/\/www.amatustra.de\/fotografie\/kontakt\/\">Kontaktformular<\/a><span style=\"color: #dedede;\"><br \/>\n<\/span>[\/napoli_custom_text_block][\/vc_column][\/vc_row][vc_row][vc_column width=&#8220;1\/2&#8243;][vc_pricing image=&#8220;3986&#8243; title=&#8220;HOCHZEITSFOTOS&#8220; subtitle=&#8220;HOCHZEIT PAKETE&#8220; button_link=&#8220;http:\/\/www.amatustra.de\/fotografie\/produkte\/hochzeitsfotografie\/&#8220; button_text=&#8220;MEHR ERFAHREN&#8220;]In der Hauptsaison ab vier Stunden.<br \/>\nIndividuelle Editionen sind m\u00f6glich.<\/p>\n<p>[\/vc_pricing][\/vc_column][vc_column width=&#8220;1\/2&#8243;][vc_pricing image=&#8220;7780&#8243; title=&#8220;HOCHZEITSFILM&#8220; subtitle=&#8220;BEWEGENDE BILDER&#8220; button_link=&#8220;http:\/\/www.amatustra.de\/fotografie\/produkte\/cinematografie_hochzeitsfilm&#8220; button_text=&#8220;MEHR ERFAHREN&#8220;]Im Videosegment offerieren wir unterschiedliche Formate.<\/p>\n<p>[\/vc_pricing][\/vc_column][\/vc_row][vc_row][vc_column width=&#8220;1\/2&#8243;][vc_pricing image=&#8220;4829&#8243; title=&#8220;FOTOBOX&#8220; subtitle=&#8220;SELFIE-STATION&#8220; button_link=&#8220;http:\/\/www.amatustra.de\/fotografie\/produkte\/fotobox_iclick_photobooth_hochzeit_wedding\/&#8220; button_text=&#8220;MEHR ERFAHREN&#8220;]Garantiert Spa\u00df und Kommunikation.<\/p>\n<p>&nbsp;<\/p>\n<p>[\/vc_pricing][\/vc_column][vc_column width=&#8220;1\/2&#8243;][vc_pricing image=&#8220;1112&#8243; title=&#8220;FOTOGRAFIE&#8220; subtitle=&#8220;PRIVATE SESSION&#8220; button_link=&#8220;http:\/\/www.amatustra.de\/fotografie\/produkte\/privatfotos\/&#8220; button_text=&#8220;MEHR ERFAHREN&#8220;]Private Fotosession f\u00fcr Portrait, Kinder, Familien Baby\/Bauch.<\/p>\n<p>[\/vc_pricing][\/vc_column][\/vc_row][vc_row][vc_column width=&#8220;1\/2&#8243;][vc_pricing image=&#8220;5531&#8243; title=&#8220;SINNLICHKEIT&#8220; subtitle=&#8220;BOUDOIR-FOTOGRAFIE&#8220; button_link=&#8220;http:\/\/www.amatustra.de\/fotografie\/produkte\/sinnlichkeit_boudoir-fotografie&#8220; button_text=&#8220;MEHR ERFAHREN&#8220;]Geheimnisvolle Sch\u00f6nheit. Einf\u00fchlsam fotografiert.<\/p>\n<p>&nbsp;<\/p>\n<p>[\/vc_pricing][\/vc_column][vc_column width=&#8220;1\/2&#8243;][vc_pricing image=&#8220;5544&#8243; title=&#8220;KINDERGARTEN&#8220; subtitle=&#8220;KLEINE GRUPPE&#8220; button_link=&#8220;http:\/\/www.amatustra.de\/fotografie\/produkte\/kindergartenfotos&#8220; button_text=&#8220;MEHR ERFAHREN&#8220;]Spass f\u00fcr Kinder. Freude f\u00fcr die Eltern und ErzieherInnen.<\/p>\n<p>&nbsp;<\/p>\n<p>[\/vc_pricing][\/vc_column][\/vc_row][vc_row][vc_column width=&#8220;1\/2&#8243;][vc_pricing image=&#8220;3377&#8243; title=&#8220;REPORTAGE&#8220; subtitle=&#8220;PEOPLE | INDUSTRY&#8220; button_link=&#8220;http:\/\/www.amatustra.de\/fotografie\/produkte\/foto-jobs\/&#8220; button_text=&#8220;MEHR ERFAHREN&#8220;]Event, Celebraties, Team, Dokus, PR, Produkt uvam.<\/p>\n<p>&nbsp;<\/p>\n<p>[\/vc_pricing][\/vc_column][vc_column width=&#8220;1\/2&#8243;][vc_pricing image=&#8220;1593&#8243; title=&#8220;FOTOB\u00dcCHER&#8220; subtitle=&#8220;GEDANKENSCHMEICHLER&#8220; button_link=&#8220;http:\/\/www.amatustra.de\/fotografie\/produkte\/fotobuecher\/&#8220; button_text=&#8220;MEHR ERFAHREN&#8220;]Ein Buch mit vielen Seiten voller Gef\u00fchlen.<\/p>\n<p>&nbsp;<\/p>\n<p>[\/vc_pricing][\/vc_column][\/vc_row][vc_row][vc_column width=&#8220;1\/2&#8243;][vc_pricing image=&#8220;3199&#8243; title=&#8220;MOSAIKBILDER&#8220; subtitle=&#8220;ALLES IM BLICK&#8220; button_link=&#8220;http:\/\/www.amatustra.de\/fotografie\/produkte\/mosaikbilder\/&#8220; button_text=&#8220;MEHR ERFAHREN&#8220;]Gar nicht kleinkarriert, sondern gro\u00dfartig.<\/p>\n<p>&nbsp;<\/p>\n<p>[\/vc_pricing][\/vc_column][vc_column width=&#8220;1\/2&#8243;][vc_pricing image=&#8220;2352&#8243; title=&#8220;BILDKOMPOSITIONEN&#8220; subtitle=&#8220;ZWEITEILIG&#8220; button_link=&#8220;http:\/\/www.amatustra.de\/fotografie\/produkte\/kompositionen\/&#8220; button_text=&#8220;MEHR ERFAHREN&#8220;]Auf die richtige Bild-Komposition kommt es an.<\/p>\n<p>&nbsp;<\/p>\n<p>[\/vc_pricing][\/vc_column][\/vc_row][vc_row][vc_column width=&#8220;1\/2&#8243;][vc_pricing image=&#8220;3145&#8243; title=&#8220;DRUCKE&#8220; subtitle=&#8220;PRINT &amp; FRAME&#8220; button_link=&#8220;http:\/\/www.amatustra.de\/fotografie\/produkte\/drucke-fotoabzuege-rahmen\/&#8220; button_text=&#8220;MEHR ERFAHREN&#8220;]Der richtige Ausdruck f\u00fcr den Rahmen.<\/p>\n<p>&nbsp;<\/p>\n<p>[\/vc_pricing][\/vc_column][vc_column width=&#8220;1\/2&#8243;][vc_pricing image=&#8220;3112&#8243; title=&#8220;PAPETERIE&#8220; subtitle=&#8220;MEHR ALS KARTEN&#8220; button_link=&#8220;http:\/\/www.amatustra.de\/fotografie\/produkte\/papeterie\/&#8220; button_text=&#8220;MEHR ERFAHREN&#8220;]Individuelle Gestaltung f\u00fcr den perfekten Eindruck.<\/p>\n<p>&nbsp;<\/p>\n<p>[\/vc_pricing][\/vc_column][\/vc_row][vc_row][vc_column][napoli_custom_text_block title=&#8220;KEINE PASSFOTOS&#8220; subtitle=&#8220;BITTE BEACHTEN&#8220;]So gerne wir fotografieren, aber Passfotos f\u00fcr Ausweise etc. machen wir nicht.[\/napoli_custom_text_block][\/vc_column][\/vc_row]<\/p>\n<\/div>","protected":false},"excerpt":{"rendered":"<p>[vc_row][vc_column][napoli_custom_text_block title=&#8220;UNSERE PRODUKTE&#8220; subtitle=&#8220;SCHAU SCHAU&#8220;]Als Fotografen k\u00f6nnen wir f\u00fcr private und gewerbliche Fotografie gebucht werden. Hier findet ihr eine \u00dcbersicht \u00fcber unsere Angebotspalette z.T. mit Basispreisen. Und auf der Seite Meinungen findet ihr Kundenstimmen zu unserer Arbeit. Wir beraten euch gerne auch pers\u00f6nlich: Tel. 06081.4460680\u00a0 |\u00a0 mobil: 0157.72563795 &amp; 0178.4911135\u00a0 |\u00a0 email\u00a0 |\u00a0 Kontaktformular [\/napoli_custom_text_block][\/vc_column][\/vc_row][vc_row][vc_column [&hellip;]<\/p>\n","protected":false},"author":1,"featured_media":0,"parent":0,"menu_order":0,"comment_status":"closed","ping_status":"closed","template":"","meta":{"footnotes":""},"class_list":["post-4143","page","type-page","status-publish","hentry"],"yoast_head":"<!-- This site is optimized with the Yoast SEO plugin v26.6 - https:\/\/yoast.com\/wordpress\/plugins\/seo\/ -->\n<title>Produkte - amatustra fotografie |&nbsp;Hochzeitsfotografen &bull;&nbsp;Hochzeitsfilm &bull; Schwangerschaft-, Baby-, Kinder-, Familienfotos &bull;&nbsp;Event- und gewerbliche Fotografie<\/title>\n<meta name=\"description\" content=\"Wir offerieren unterschiedliche Produkte in den Bereichen Fotografie und Videografie. Privatfotos, Hochzeitfotos, Hochzeitsvideo, Fotob\u00fccher uvam.\" \/>\n<meta name=\"robots\" content=\"index, follow, max-snippet:-1, max-image-preview:large, max-video-preview:-1\" \/>\n<link rel=\"canonical\" href=\"http:\/\/www.amatustra.de\/fotografie\/produkte\/\" \/>\n<meta property=\"og:locale\" content=\"de_DE\" \/>\n<meta property=\"og:type\" content=\"article\" \/>\n<meta property=\"og:title\" content=\"Produkte - amatustra fotografie |&nbsp;Hochzeitsfotografen &bull;&nbsp;Hochzeitsfilm &bull; Schwangerschaft-, Baby-, Kinder-, Familienfotos &bull;&nbsp;Event- und gewerbliche Fotografie\" \/>\n<meta property=\"og:description\" content=\"Wir offerieren unterschiedliche Produkte in den Bereichen Fotografie und Videografie. Privatfotos, Hochzeitfotos, Hochzeitsvideo, Fotob\u00fccher uvam.\" \/>\n<meta property=\"og:url\" content=\"http:\/\/www.amatustra.de\/fotografie\/produkte\/\" \/>\n<meta property=\"og:site_name\" content=\"amatustra fotografie |&nbsp;Hochzeitsfotografen &bull;&nbsp;Hochzeitsfilm &bull; Schwangerschaft-, Baby-, Kinder-, Familienfotos &bull;&nbsp;Event- und gewerbliche Fotografie\" \/>\n<meta property=\"article:publisher\" content=\"https:\/\/www.facebook.com\/amatustra\" \/>\n<meta property=\"article:modified_time\" content=\"2023-01-09T13:01:54+00:00\" \/>\n<meta name=\"twitter:card\" content=\"summary_large_image\" \/>\n<meta name=\"twitter:label1\" content=\"Gesch\u00e4tzte Lesezeit\" \/>\n\t<meta name=\"twitter:data1\" content=\"2\u00a0Minuten\" \/>\n<script type=\"application\/ld+json\" class=\"yoast-schema-graph\">{\"@context\":\"https:\/\/schema.org\",\"@graph\":[{\"@type\":\"WebPage\",\"@id\":\"http:\/\/www.amatustra.de\/fotografie\/produkte\/\",\"url\":\"http:\/\/www.amatustra.de\/fotografie\/produkte\/\",\"name\":\"Produkte - amatustra fotografie |&nbsp;Hochzeitsfotografen &bull;&nbsp;Hochzeitsfilm &bull; Schwangerschaft-, Baby-, Kinder-, Familienfotos &bull;&nbsp;Event- und gewerbliche Fotografie\",\"isPartOf\":{\"@id\":\"http:\/\/www.amatustra.de\/fotografie\/#website\"},\"datePublished\":\"2017-01-10T10:07:25+00:00\",\"dateModified\":\"2023-01-09T13:01:54+00:00\",\"description\":\"Wir offerieren unterschiedliche Produkte in den Bereichen Fotografie und Videografie. Privatfotos, Hochzeitfotos, Hochzeitsvideo, Fotob\u00fccher uvam.\",\"breadcrumb\":{\"@id\":\"http:\/\/www.amatustra.de\/fotografie\/produkte\/#breadcrumb\"},\"inLanguage\":\"de\",\"potentialAction\":[{\"@type\":\"ReadAction\",\"target\":[\"http:\/\/www.amatustra.de\/fotografie\/produkte\/\"]}]},{\"@type\":\"BreadcrumbList\",\"@id\":\"http:\/\/www.amatustra.de\/fotografie\/produkte\/#breadcrumb\",\"itemListElement\":[{\"@type\":\"ListItem\",\"position\":1,\"name\":\"Startseite\",\"item\":\"http:\/\/www.amatustra.de\/fotografie\/\"},{\"@type\":\"ListItem\",\"position\":2,\"name\":\"Produkte\"}]},{\"@type\":\"WebSite\",\"@id\":\"http:\/\/www.amatustra.de\/fotografie\/#website\",\"url\":\"http:\/\/www.amatustra.de\/fotografie\/\",\"name\":\"amatustra fotografie |&nbsp;Hochzeitsfotografen &bull;&nbsp;Hochzeitsfilm &bull; Schwangerschaft-, Baby-, Kinder-, Familienfotos &bull;&nbsp;Event- und gewerbliche Fotografie\",\"description\":\"\",\"publisher\":{\"@id\":\"http:\/\/www.amatustra.de\/fotografie\/#organization\"},\"potentialAction\":[{\"@type\":\"SearchAction\",\"target\":{\"@type\":\"EntryPoint\",\"urlTemplate\":\"http:\/\/www.amatustra.de\/fotografie\/?s={search_term_string}\"},\"query-input\":{\"@type\":\"PropertyValueSpecification\",\"valueRequired\":true,\"valueName\":\"search_term_string\"}}],\"inLanguage\":\"de\"},{\"@type\":\"Organization\",\"@id\":\"http:\/\/www.amatustra.de\/fotografie\/#organization\",\"name\":\"amatustra - strickroth & fiege fotografie\",\"url\":\"http:\/\/www.amatustra.de\/fotografie\/\",\"logo\":{\"@type\":\"ImageObject\",\"inLanguage\":\"de\",\"@id\":\"http:\/\/www.amatustra.de\/fotografie\/#\/schema\/logo\/image\/\",\"url\":\"http:\/\/www.amatustra.de\/fotografie\/wp-content\/uploads\/amatustra_fotografie_Logo__black_1338x412px.png\",\"contentUrl\":\"http:\/\/www.amatustra.de\/fotografie\/wp-content\/uploads\/amatustra_fotografie_Logo__black_1338x412px.png\",\"width\":1338,\"height\":412,\"caption\":\"amatustra - strickroth & fiege fotografie\"},\"image\":{\"@id\":\"http:\/\/www.amatustra.de\/fotografie\/#\/schema\/logo\/image\/\"},\"sameAs\":[\"https:\/\/www.facebook.com\/amatustra\",\"https:\/\/de.pinterest.com\/amatustra\/\",\"https:\/\/www.youtube.com\/user\/agency22\"]}]}<\/script>\n<!-- \/ Yoast SEO plugin. -->","yoast_head_json":{"title":"Produkte - amatustra fotografie |&nbsp;Hochzeitsfotografen &bull;&nbsp;Hochzeitsfilm &bull; Schwangerschaft-, Baby-, Kinder-, Familienfotos &bull;&nbsp;Event- und gewerbliche Fotografie","description":"Wir offerieren unterschiedliche Produkte in den Bereichen Fotografie und Videografie. Privatfotos, Hochzeitfotos, Hochzeitsvideo, Fotob\u00fccher uvam.","robots":{"index":"index","follow":"follow","max-snippet":"max-snippet:-1","max-image-preview":"max-image-preview:large","max-video-preview":"max-video-preview:-1"},"canonical":"http:\/\/www.amatustra.de\/fotografie\/produkte\/","og_locale":"de_DE","og_type":"article","og_title":"Produkte - amatustra fotografie |&nbsp;Hochzeitsfotografen &bull;&nbsp;Hochzeitsfilm &bull; Schwangerschaft-, Baby-, Kinder-, Familienfotos &bull;&nbsp;Event- und gewerbliche Fotografie","og_description":"Wir offerieren unterschiedliche Produkte in den Bereichen Fotografie und Videografie. Privatfotos, Hochzeitfotos, Hochzeitsvideo, Fotob\u00fccher uvam.","og_url":"http:\/\/www.amatustra.de\/fotografie\/produkte\/","og_site_name":"amatustra fotografie |&nbsp;Hochzeitsfotografen &bull;&nbsp;Hochzeitsfilm &bull; Schwangerschaft-, Baby-, Kinder-, Familienfotos &bull;&nbsp;Event- und gewerbliche Fotografie","article_publisher":"https:\/\/www.facebook.com\/amatustra","article_modified_time":"2023-01-09T13:01:54+00:00","twitter_card":"summary_large_image","twitter_misc":{"Gesch\u00e4tzte Lesezeit":"2\u00a0Minuten"},"schema":{"@context":"https:\/\/schema.org","@graph":[{"@type":"WebPage","@id":"http:\/\/www.amatustra.de\/fotografie\/produkte\/","url":"http:\/\/www.amatustra.de\/fotografie\/produkte\/","name":"Produkte - amatustra fotografie |&nbsp;Hochzeitsfotografen &bull;&nbsp;Hochzeitsfilm &bull; Schwangerschaft-, Baby-, Kinder-, Familienfotos &bull;&nbsp;Event- und gewerbliche Fotografie","isPartOf":{"@id":"http:\/\/www.amatustra.de\/fotografie\/#website"},"datePublished":"2017-01-10T10:07:25+00:00","dateModified":"2023-01-09T13:01:54+00:00","description":"Wir offerieren unterschiedliche Produkte in den Bereichen Fotografie und Videografie. Privatfotos, Hochzeitfotos, Hochzeitsvideo, Fotob\u00fccher uvam.","breadcrumb":{"@id":"http:\/\/www.amatustra.de\/fotografie\/produkte\/#breadcrumb"},"inLanguage":"de","potentialAction":[{"@type":"ReadAction","target":["http:\/\/www.amatustra.de\/fotografie\/produkte\/"]}]},{"@type":"BreadcrumbList","@id":"http:\/\/www.amatustra.de\/fotografie\/produkte\/#breadcrumb","itemListElement":[{"@type":"ListItem","position":1,"name":"Startseite","item":"http:\/\/www.amatustra.de\/fotografie\/"},{"@type":"ListItem","position":2,"name":"Produkte"}]},{"@type":"WebSite","@id":"http:\/\/www.amatustra.de\/fotografie\/#website","url":"http:\/\/www.amatustra.de\/fotografie\/","name":"amatustra fotografie |&nbsp;Hochzeitsfotografen &bull;&nbsp;Hochzeitsfilm &bull; Schwangerschaft-, Baby-, Kinder-, Familienfotos &bull;&nbsp;Event- und gewerbliche Fotografie","description":"","publisher":{"@id":"http:\/\/www.amatustra.de\/fotografie\/#organization"},"potentialAction":[{"@type":"SearchAction","target":{"@type":"EntryPoint","urlTemplate":"http:\/\/www.amatustra.de\/fotografie\/?s={search_term_string}"},"query-input":{"@type":"PropertyValueSpecification","valueRequired":true,"valueName":"search_term_string"}}],"inLanguage":"de"},{"@type":"Organization","@id":"http:\/\/www.amatustra.de\/fotografie\/#organization","name":"amatustra - strickroth & fiege fotografie","url":"http:\/\/www.amatustra.de\/fotografie\/","logo":{"@type":"ImageObject","inLanguage":"de","@id":"http:\/\/www.amatustra.de\/fotografie\/#\/schema\/logo\/image\/","url":"http:\/\/www.amatustra.de\/fotografie\/wp-content\/uploads\/amatustra_fotografie_Logo__black_1338x412px.png","contentUrl":"http:\/\/www.amatustra.de\/fotografie\/wp-content\/uploads\/amatustra_fotografie_Logo__black_1338x412px.png","width":1338,"height":412,"caption":"amatustra - strickroth & fiege fotografie"},"image":{"@id":"http:\/\/www.amatustra.de\/fotografie\/#\/schema\/logo\/image\/"},"sameAs":["https:\/\/www.facebook.com\/amatustra","https:\/\/de.pinterest.com\/amatustra\/","https:\/\/www.youtube.com\/user\/agency22"]}]}},"_links":{"self":[{"href":"http:\/\/www.amatustra.de\/fotografie\/wp-json\/wp\/v2\/pages\/4143","targetHints":{"allow":["GET"]}}],"collection":[{"href":"http:\/\/www.amatustra.de\/fotografie\/wp-json\/wp\/v2\/pages"}],"about":[{"href":"http:\/\/www.amatustra.de\/fotografie\/wp-json\/wp\/v2\/types\/page"}],"author":[{"embeddable":true,"href":"http:\/\/www.amatustra.de\/fotografie\/wp-json\/wp\/v2\/users\/1"}],"replies":[{"embeddable":true,"href":"http:\/\/www.amatustra.de\/fotografie\/wp-json\/wp\/v2\/comments?post=4143"}],"version-history":[{"count":43,"href":"http:\/\/www.amatustra.de\/fotografie\/wp-json\/wp\/v2\/pages\/4143\/revisions"}],"predecessor-version":[{"id":7983,"href":"http:\/\/www.amatustra.de\/fotografie\/wp-json\/wp\/v2\/pages\/4143\/revisions\/7983"}],"wp:attachment":[{"href":"http:\/\/www.amatustra.de\/fotografie\/wp-json\/wp\/v2\/media?parent=4143"}],"curies":[{"name":"wp","href":"https:\/\/api.w.org\/{rel}","templated":true}]}}