{"id":3102,"date":"2016-01-16T19:22:20","date_gmt":"2016-01-16T18:22:20","guid":{"rendered":"http:\/\/amatustra.de\/?page_id=3102"},"modified":"2017-02-28T14:51:19","modified_gmt":"2017-02-28T13:51:19","slug":"mosaikbilder","status":"publish","type":"page","link":"http:\/\/www.amatustra.de\/fotografie\/produkte\/mosaikbilder\/","title":{"rendered":"Mosaikbilder"},"content":{"rendered":"<div class=\"wpb-content-wrapper\"><p>[vc_row][vc_column][napoli_custom_text_block title=&#8220;MOSAIKBILD&#8220; subtitle=&#8220;GAR NICHT KLEINKARRIERT&#8220;]Wie kann man einen ganzen Tag in einem Foto\/Bild zusammenfassen?<\/p>\n<p>Wenn ihr bei uns eine Hochzeitsreportage mit zwei Fotografen bucht, die von der Vorbereitung bis zur Feier alles abdecken, habt ihr in der Regel um die 1.000 Fotos. Das ist eine gute Anzahl, um mit einem\u00a0 Mosaikbild beginnen zu k\u00f6nnen. Noch besser sind 2.500 Fotos und mehr (ggf. sammelt Ihr alle Fotos Eurer Hochzeit ein und verwendet auch diese).<br \/>\nDabei korellieren Bildinhalt (das ausgew\u00e4hlte Motiv) mit der Bildgr\u00f6\u00dfe und den vorhandenen Fotos (Farbwelten). Und nat\u00fcrlich muss der Abzug &#8222;gro\u00dfformatig&#8220; sein.<br \/>\nZudem gibt es bei der Anordnung der Fotos unterschiedliche Varianten.<\/p>\n<p>Das Ergebnis kann auf Leinwand, AluDibond uvam. oder einfach als hochaufl\u00f6sende Datei bestellt werden.<\/p>\n<p>Als Beispiel haben wir ein Brautpaar-Motiv und ein Ergebnis f\u00fcr einen Kunden abgebildet dessen Event wir betreut haben und das auf Basis des Logos gestaltet wurde.<\/p>\n<blockquote><p>Wir beraten euch gerne f\u00fcr Euer Hochzeits-Mosaik-Bild:<br \/>\nTel. 06081.4460680\u00a0 |\u00a0 mobil: 0157.72563795 &amp; 0178.4911135<br \/>\nemail: <a href=\"mailto:klick@amatustra.de\">klick@amatustra.de<\/a>\u00a0 |\u00a0 <a href=\"http:\/\/www.amatustra.de\/fotografie\/kontakt\/\">Kontaktformular<\/a><\/p><\/blockquote>\n<p>&nbsp;<\/p>\n<p><img loading=\"lazy\" decoding=\"async\" class=\"alignnone size-large wp-image-3185\" style=\"border: 1px solid white;\" src=\"http:\/\/amatustra.de\/fotografie\/wp-content\/uploads\/Produkt_Foto-Abzug_Mosaik_02-873x576.jpg\" alt=\"Produkt_Foto-Abzug_Mosaik_02\" width=\"630\" height=\"416\" data-id=\"3185\" srcset=\"http:\/\/www.amatustra.de\/fotografie\/wp-content\/uploads\/Produkt_Foto-Abzug_Mosaik_02-873x576.jpg 873w, http:\/\/www.amatustra.de\/fotografie\/wp-content\/uploads\/Produkt_Foto-Abzug_Mosaik_02-259x171.jpg 259w, http:\/\/www.amatustra.de\/fotografie\/wp-content\/uploads\/Produkt_Foto-Abzug_Mosaik_02-768x507.jpg 768w, http:\/\/www.amatustra.de\/fotografie\/wp-content\/uploads\/Produkt_Foto-Abzug_Mosaik_02.jpg 1600w\" sizes=\"auto, (max-width: 630px) 100vw, 630px\" \/><br \/>\n<sup>Mosaikbild &#8222;Hochzeit&#8220;<\/sup><\/p>\n<p><img loading=\"lazy\" decoding=\"async\" class=\"alignnone size-large wp-image-3199\" style=\"border: 1px solid white;\" src=\"http:\/\/amatustra.de\/fotografie\/wp-content\/uploads\/Produkt_Foto-Abzug_Mosaik_04-865x576.jpg\" alt=\"Produkt_Foto-Abzug_Mosaik_04\" width=\"630\" height=\"420\" data-id=\"3199\" srcset=\"http:\/\/www.amatustra.de\/fotografie\/wp-content\/uploads\/Produkt_Foto-Abzug_Mosaik_04-865x576.jpg 865w, http:\/\/www.amatustra.de\/fotografie\/wp-content\/uploads\/Produkt_Foto-Abzug_Mosaik_04-257x171.jpg 257w, http:\/\/www.amatustra.de\/fotografie\/wp-content\/uploads\/Produkt_Foto-Abzug_Mosaik_04-768x511.jpg 768w, http:\/\/www.amatustra.de\/fotografie\/wp-content\/uploads\/Produkt_Foto-Abzug_Mosaik_04-272x182.jpg 272w, http:\/\/www.amatustra.de\/fotografie\/wp-content\/uploads\/Produkt_Foto-Abzug_Mosaik_04.jpg 1600w\" sizes=\"auto, (max-width: 630px) 100vw, 630px\" \/><br \/>\n<sup>Mosaikbild &#8222;Hochzeit&#8220;<\/sup><\/p>\n<p><img loading=\"lazy\" decoding=\"async\" class=\"alignnone size-large wp-image-3107\" style=\"border: 1px solid white;\" src=\"http:\/\/amatustra.de\/fotografie\/wp-content\/uploads\/Produkt_Foto-Abzug_NY_Mosaik_final-1013x576.jpg\" alt=\"Produkt_Foto-Abzug_NY_Mosaik_final\" width=\"630\" height=\"358\" data-id=\"3107\" srcset=\"http:\/\/www.amatustra.de\/fotografie\/wp-content\/uploads\/Produkt_Foto-Abzug_NY_Mosaik_final-1013x576.jpg 1013w, http:\/\/www.amatustra.de\/fotografie\/wp-content\/uploads\/Produkt_Foto-Abzug_NY_Mosaik_final-176x99.jpg 176w, http:\/\/www.amatustra.de\/fotografie\/wp-content\/uploads\/Produkt_Foto-Abzug_NY_Mosaik_final-301x171.jpg 301w, http:\/\/www.amatustra.de\/fotografie\/wp-content\/uploads\/Produkt_Foto-Abzug_NY_Mosaik_final-768x437.jpg 768w, http:\/\/www.amatustra.de\/fotografie\/wp-content\/uploads\/Produkt_Foto-Abzug_NY_Mosaik_final.jpg 1600w\" sizes=\"auto, (max-width: 630px) 100vw, 630px\" \/><br \/>\n<sup>Mosaikbild auf AluDibond, ca. 160 cm x 70 cm<\/sup>[\/napoli_custom_text_block][\/vc_column][\/vc_row]<\/p>\n<\/div>","protected":false},"excerpt":{"rendered":"<p>[vc_row][vc_column][napoli_custom_text_block title=&#8220;MOSAIKBILD&#8220; subtitle=&#8220;GAR NICHT KLEINKARRIERT&#8220;]Wie kann man einen ganzen Tag in einem Foto\/Bild zusammenfassen? Wenn ihr bei uns eine Hochzeitsreportage mit zwei Fotografen bucht, die von der Vorbereitung bis zur Feier alles abdecken, habt ihr in der Regel um die 1.000 Fotos. Das ist eine gute Anzahl, um mit einem\u00a0 Mosaikbild beginnen zu k\u00f6nnen. Noch [&hellip;]<\/p>\n","protected":false},"author":1,"featured_media":0,"parent":4143,"menu_order":0,"comment_status":"closed","ping_status":"closed","template":"","meta":{"footnotes":""},"class_list":["post-3102","page","type-page","status-publish","hentry"],"yoast_head":"<!-- This site is optimized with the Yoast SEO plugin v26.6 - https:\/\/yoast.com\/wordpress\/plugins\/seo\/ -->\n<title>Mosaikbilder - amatustra fotografie |&nbsp;Hochzeitsfotografen &bull;&nbsp;Hochzeitsfilm &bull; Schwangerschaft-, Baby-, Kinder-, Familienfotos &bull;&nbsp;Event- und gewerbliche Fotografie<\/title>\n<meta name=\"description\" content=\"Gar nicht kleinkarriert, sondern gro\u00dfartig. Wir erstellen ein Motiv aus tausenden Fotos. Perfekt, um bspw. eine ganze Hochzeitsfeier in einem Bild zu haben.\" \/>\n<meta name=\"robots\" content=\"index, follow, max-snippet:-1, max-image-preview:large, max-video-preview:-1\" \/>\n<link rel=\"canonical\" href=\"http:\/\/www.amatustra.de\/fotografie\/produkte\/mosaikbilder\/\" \/>\n<meta property=\"og:locale\" content=\"de_DE\" \/>\n<meta property=\"og:type\" content=\"article\" \/>\n<meta property=\"og:title\" content=\"Mosaikbilder - amatustra fotografie |&nbsp;Hochzeitsfotografen &bull;&nbsp;Hochzeitsfilm &bull; Schwangerschaft-, Baby-, Kinder-, Familienfotos &bull;&nbsp;Event- und gewerbliche Fotografie\" \/>\n<meta property=\"og:description\" content=\"Gar nicht kleinkarriert, sondern gro\u00dfartig. Wir erstellen ein Motiv aus tausenden Fotos. Perfekt, um bspw. eine ganze Hochzeitsfeier in einem Bild zu haben.\" \/>\n<meta property=\"og:url\" content=\"http:\/\/www.amatustra.de\/fotografie\/produkte\/mosaikbilder\/\" \/>\n<meta property=\"og:site_name\" content=\"amatustra fotografie |&nbsp;Hochzeitsfotografen &bull;&nbsp;Hochzeitsfilm &bull; Schwangerschaft-, Baby-, Kinder-, Familienfotos &bull;&nbsp;Event- und gewerbliche Fotografie\" \/>\n<meta property=\"article:publisher\" content=\"https:\/\/www.facebook.com\/amatustra\" \/>\n<meta property=\"article:modified_time\" content=\"2017-02-28T13:51:19+00:00\" \/>\n<meta property=\"og:image\" content=\"http:\/\/amatustra.de\/fotografie\/wp-content\/uploads\/Produkt_Foto-Abzug_Mosaik_02-873x576.jpg\" \/>\n<meta name=\"twitter:card\" content=\"summary_large_image\" \/>\n<meta name=\"twitter:label1\" content=\"Gesch\u00e4tzte Lesezeit\" \/>\n\t<meta name=\"twitter:data1\" content=\"1\u00a0Minute\" \/>\n<script type=\"application\/ld+json\" class=\"yoast-schema-graph\">{\"@context\":\"https:\/\/schema.org\",\"@graph\":[{\"@type\":\"WebPage\",\"@id\":\"http:\/\/www.amatustra.de\/fotografie\/produkte\/mosaikbilder\/\",\"url\":\"http:\/\/www.amatustra.de\/fotografie\/produkte\/mosaikbilder\/\",\"name\":\"Mosaikbilder - amatustra fotografie |&nbsp;Hochzeitsfotografen &bull;&nbsp;Hochzeitsfilm &bull; Schwangerschaft-, Baby-, Kinder-, Familienfotos &bull;&nbsp;Event- und gewerbliche Fotografie\",\"isPartOf\":{\"@id\":\"http:\/\/www.amatustra.de\/fotografie\/#website\"},\"primaryImageOfPage\":{\"@id\":\"http:\/\/www.amatustra.de\/fotografie\/produkte\/mosaikbilder\/#primaryimage\"},\"image\":{\"@id\":\"http:\/\/www.amatustra.de\/fotografie\/produkte\/mosaikbilder\/#primaryimage\"},\"thumbnailUrl\":\"http:\/\/amatustra.de\/fotografie\/wp-content\/uploads\/Produkt_Foto-Abzug_Mosaik_02-873x576.jpg\",\"datePublished\":\"2016-01-16T18:22:20+00:00\",\"dateModified\":\"2017-02-28T13:51:19+00:00\",\"description\":\"Gar nicht kleinkarriert, sondern gro\u00dfartig. Wir erstellen ein Motiv aus tausenden Fotos. Perfekt, um bspw. eine ganze Hochzeitsfeier in einem Bild zu haben.\",\"breadcrumb\":{\"@id\":\"http:\/\/www.amatustra.de\/fotografie\/produkte\/mosaikbilder\/#breadcrumb\"},\"inLanguage\":\"de\",\"potentialAction\":[{\"@type\":\"ReadAction\",\"target\":[\"http:\/\/www.amatustra.de\/fotografie\/produkte\/mosaikbilder\/\"]}]},{\"@type\":\"ImageObject\",\"inLanguage\":\"de\",\"@id\":\"http:\/\/www.amatustra.de\/fotografie\/produkte\/mosaikbilder\/#primaryimage\",\"url\":\"http:\/\/amatustra.de\/fotografie\/wp-content\/uploads\/Produkt_Foto-Abzug_Mosaik_02-873x576.jpg\",\"contentUrl\":\"http:\/\/amatustra.de\/fotografie\/wp-content\/uploads\/Produkt_Foto-Abzug_Mosaik_02-873x576.jpg\"},{\"@type\":\"BreadcrumbList\",\"@id\":\"http:\/\/www.amatustra.de\/fotografie\/produkte\/mosaikbilder\/#breadcrumb\",\"itemListElement\":[{\"@type\":\"ListItem\",\"position\":1,\"name\":\"Startseite\",\"item\":\"http:\/\/www.amatustra.de\/fotografie\/\"},{\"@type\":\"ListItem\",\"position\":2,\"name\":\"Produkte\",\"item\":\"http:\/\/www.amatustra.de\/fotografie\/produkte\/\"},{\"@type\":\"ListItem\",\"position\":3,\"name\":\"Mosaikbilder\"}]},{\"@type\":\"WebSite\",\"@id\":\"http:\/\/www.amatustra.de\/fotografie\/#website\",\"url\":\"http:\/\/www.amatustra.de\/fotografie\/\",\"name\":\"amatustra fotografie |&nbsp;Hochzeitsfotografen &bull;&nbsp;Hochzeitsfilm &bull; Schwangerschaft-, Baby-, Kinder-, Familienfotos &bull;&nbsp;Event- und gewerbliche Fotografie\",\"description\":\"\",\"publisher\":{\"@id\":\"http:\/\/www.amatustra.de\/fotografie\/#organization\"},\"potentialAction\":[{\"@type\":\"SearchAction\",\"target\":{\"@type\":\"EntryPoint\",\"urlTemplate\":\"http:\/\/www.amatustra.de\/fotografie\/?s={search_term_string}\"},\"query-input\":{\"@type\":\"PropertyValueSpecification\",\"valueRequired\":true,\"valueName\":\"search_term_string\"}}],\"inLanguage\":\"de\"},{\"@type\":\"Organization\",\"@id\":\"http:\/\/www.amatustra.de\/fotografie\/#organization\",\"name\":\"amatustra - strickroth & fiege fotografie\",\"url\":\"http:\/\/www.amatustra.de\/fotografie\/\",\"logo\":{\"@type\":\"ImageObject\",\"inLanguage\":\"de\",\"@id\":\"http:\/\/www.amatustra.de\/fotografie\/#\/schema\/logo\/image\/\",\"url\":\"http:\/\/www.amatustra.de\/fotografie\/wp-content\/uploads\/amatustra_fotografie_Logo__black_1338x412px.png\",\"contentUrl\":\"http:\/\/www.amatustra.de\/fotografie\/wp-content\/uploads\/amatustra_fotografie_Logo__black_1338x412px.png\",\"width\":1338,\"height\":412,\"caption\":\"amatustra - strickroth & fiege fotografie\"},\"image\":{\"@id\":\"http:\/\/www.amatustra.de\/fotografie\/#\/schema\/logo\/image\/\"},\"sameAs\":[\"https:\/\/www.facebook.com\/amatustra\",\"https:\/\/de.pinterest.com\/amatustra\/\",\"https:\/\/www.youtube.com\/user\/agency22\"]}]}<\/script>\n<!-- \/ Yoast SEO plugin. -->","yoast_head_json":{"title":"Mosaikbilder - amatustra fotografie |&nbsp;Hochzeitsfotografen &bull;&nbsp;Hochzeitsfilm &bull; Schwangerschaft-, Baby-, Kinder-, Familienfotos &bull;&nbsp;Event- und gewerbliche Fotografie","description":"Gar nicht kleinkarriert, sondern gro\u00dfartig. Wir erstellen ein Motiv aus tausenden Fotos. Perfekt, um bspw. eine ganze Hochzeitsfeier in einem Bild zu haben.","robots":{"index":"index","follow":"follow","max-snippet":"max-snippet:-1","max-image-preview":"max-image-preview:large","max-video-preview":"max-video-preview:-1"},"canonical":"http:\/\/www.amatustra.de\/fotografie\/produkte\/mosaikbilder\/","og_locale":"de_DE","og_type":"article","og_title":"Mosaikbilder - amatustra fotografie |&nbsp;Hochzeitsfotografen &bull;&nbsp;Hochzeitsfilm &bull; Schwangerschaft-, Baby-, Kinder-, Familienfotos &bull;&nbsp;Event- und gewerbliche Fotografie","og_description":"Gar nicht kleinkarriert, sondern gro\u00dfartig. Wir erstellen ein Motiv aus tausenden Fotos. Perfekt, um bspw. eine ganze Hochzeitsfeier in einem Bild zu haben.","og_url":"http:\/\/www.amatustra.de\/fotografie\/produkte\/mosaikbilder\/","og_site_name":"amatustra fotografie |&nbsp;Hochzeitsfotografen &bull;&nbsp;Hochzeitsfilm &bull; Schwangerschaft-, Baby-, Kinder-, Familienfotos &bull;&nbsp;Event- und gewerbliche Fotografie","article_publisher":"https:\/\/www.facebook.com\/amatustra","article_modified_time":"2017-02-28T13:51:19+00:00","og_image":[{"url":"http:\/\/amatustra.de\/fotografie\/wp-content\/uploads\/Produkt_Foto-Abzug_Mosaik_02-873x576.jpg","type":"","width":"","height":""}],"twitter_card":"summary_large_image","twitter_misc":{"Gesch\u00e4tzte Lesezeit":"1\u00a0Minute"},"schema":{"@context":"https:\/\/schema.org","@graph":[{"@type":"WebPage","@id":"http:\/\/www.amatustra.de\/fotografie\/produkte\/mosaikbilder\/","url":"http:\/\/www.amatustra.de\/fotografie\/produkte\/mosaikbilder\/","name":"Mosaikbilder - amatustra fotografie |&nbsp;Hochzeitsfotografen &bull;&nbsp;Hochzeitsfilm &bull; Schwangerschaft-, Baby-, Kinder-, Familienfotos &bull;&nbsp;Event- und gewerbliche Fotografie","isPartOf":{"@id":"http:\/\/www.amatustra.de\/fotografie\/#website"},"primaryImageOfPage":{"@id":"http:\/\/www.amatustra.de\/fotografie\/produkte\/mosaikbilder\/#primaryimage"},"image":{"@id":"http:\/\/www.amatustra.de\/fotografie\/produkte\/mosaikbilder\/#primaryimage"},"thumbnailUrl":"http:\/\/amatustra.de\/fotografie\/wp-content\/uploads\/Produkt_Foto-Abzug_Mosaik_02-873x576.jpg","datePublished":"2016-01-16T18:22:20+00:00","dateModified":"2017-02-28T13:51:19+00:00","description":"Gar nicht kleinkarriert, sondern gro\u00dfartig. Wir erstellen ein Motiv aus tausenden Fotos. Perfekt, um bspw. eine ganze Hochzeitsfeier in einem Bild zu haben.","breadcrumb":{"@id":"http:\/\/www.amatustra.de\/fotografie\/produkte\/mosaikbilder\/#breadcrumb"},"inLanguage":"de","potentialAction":[{"@type":"ReadAction","target":["http:\/\/www.amatustra.de\/fotografie\/produkte\/mosaikbilder\/"]}]},{"@type":"ImageObject","inLanguage":"de","@id":"http:\/\/www.amatustra.de\/fotografie\/produkte\/mosaikbilder\/#primaryimage","url":"http:\/\/amatustra.de\/fotografie\/wp-content\/uploads\/Produkt_Foto-Abzug_Mosaik_02-873x576.jpg","contentUrl":"http:\/\/amatustra.de\/fotografie\/wp-content\/uploads\/Produkt_Foto-Abzug_Mosaik_02-873x576.jpg"},{"@type":"BreadcrumbList","@id":"http:\/\/www.amatustra.de\/fotografie\/produkte\/mosaikbilder\/#breadcrumb","itemListElement":[{"@type":"ListItem","position":1,"name":"Startseite","item":"http:\/\/www.amatustra.de\/fotografie\/"},{"@type":"ListItem","position":2,"name":"Produkte","item":"http:\/\/www.amatustra.de\/fotografie\/produkte\/"},{"@type":"ListItem","position":3,"name":"Mosaikbilder"}]},{"@type":"WebSite","@id":"http:\/\/www.amatustra.de\/fotografie\/#website","url":"http:\/\/www.amatustra.de\/fotografie\/","name":"amatustra fotografie |&nbsp;Hochzeitsfotografen &bull;&nbsp;Hochzeitsfilm &bull; Schwangerschaft-, Baby-, Kinder-, Familienfotos &bull;&nbsp;Event- und gewerbliche Fotografie","description":"","publisher":{"@id":"http:\/\/www.amatustra.de\/fotografie\/#organization"},"potentialAction":[{"@type":"SearchAction","target":{"@type":"EntryPoint","urlTemplate":"http:\/\/www.amatustra.de\/fotografie\/?s={search_term_string}"},"query-input":{"@type":"PropertyValueSpecification","valueRequired":true,"valueName":"search_term_string"}}],"inLanguage":"de"},{"@type":"Organization","@id":"http:\/\/www.amatustra.de\/fotografie\/#organization","name":"amatustra - strickroth & fiege fotografie","url":"http:\/\/www.amatustra.de\/fotografie\/","logo":{"@type":"ImageObject","inLanguage":"de","@id":"http:\/\/www.amatustra.de\/fotografie\/#\/schema\/logo\/image\/","url":"http:\/\/www.amatustra.de\/fotografie\/wp-content\/uploads\/amatustra_fotografie_Logo__black_1338x412px.png","contentUrl":"http:\/\/www.amatustra.de\/fotografie\/wp-content\/uploads\/amatustra_fotografie_Logo__black_1338x412px.png","width":1338,"height":412,"caption":"amatustra - strickroth & fiege fotografie"},"image":{"@id":"http:\/\/www.amatustra.de\/fotografie\/#\/schema\/logo\/image\/"},"sameAs":["https:\/\/www.facebook.com\/amatustra","https:\/\/de.pinterest.com\/amatustra\/","https:\/\/www.youtube.com\/user\/agency22"]}]}},"_links":{"self":[{"href":"http:\/\/www.amatustra.de\/fotografie\/wp-json\/wp\/v2\/pages\/3102","targetHints":{"allow":["GET"]}}],"collection":[{"href":"http:\/\/www.amatustra.de\/fotografie\/wp-json\/wp\/v2\/pages"}],"about":[{"href":"http:\/\/www.amatustra.de\/fotografie\/wp-json\/wp\/v2\/types\/page"}],"author":[{"embeddable":true,"href":"http:\/\/www.amatustra.de\/fotografie\/wp-json\/wp\/v2\/users\/1"}],"replies":[{"embeddable":true,"href":"http:\/\/www.amatustra.de\/fotografie\/wp-json\/wp\/v2\/comments?post=3102"}],"version-history":[{"count":19,"href":"http:\/\/www.amatustra.de\/fotografie\/wp-json\/wp\/v2\/pages\/3102\/revisions"}],"predecessor-version":[{"id":4881,"href":"http:\/\/www.amatustra.de\/fotografie\/wp-json\/wp\/v2\/pages\/3102\/revisions\/4881"}],"up":[{"embeddable":true,"href":"http:\/\/www.amatustra.de\/fotografie\/wp-json\/wp\/v2\/pages\/4143"}],"wp:attachment":[{"href":"http:\/\/www.amatustra.de\/fotografie\/wp-json\/wp\/v2\/media?parent=3102"}],"curies":[{"name":"wp","href":"https:\/\/api.w.org\/{rel}","templated":true}]}}