{"id":117,"date":"2013-09-26T08:11:15","date_gmt":"2013-09-26T06:11:15","guid":{"rendered":"http:\/\/amatustra.de\/fotografie\/?page_id=117"},"modified":"2025-06-03T17:57:02","modified_gmt":"2025-06-03T15:57:02","slug":"impressum","status":"publish","type":"page","link":"http:\/\/www.amatustra.de\/fotografie\/impressum\/","title":{"rendered":"Impressum"},"content":{"rendered":"<div class=\"wpb-content-wrapper\"><p>[vc_row][vc_column][napoli_custom_text_block title=&#8220;impressum&#8220;]amatustra fotografie \u2013 das Photo-Lab von agency22<\/p>\n<blockquote><p>Anke Strickroth-Fiege GbR | agency22<br \/>\nHauptstrasse 22<br \/>\nD-61250 Usingen,<br \/>\nTel.: +49.(0)6081.44606-80<br \/>\nFax: +49.(0)6081.44606-82<br \/>\ne-Mail: hello(at)agency22.de<\/p><\/blockquote>\n<p>Sitz: Usingen i. Ts.<br \/>\nAmtsgericht Bad Homburg v. d. H.<\/p>\n<p>Ust-Id-Nr.: (beantragt)<\/p>\n<p>Inhaltlich Verantwortlicher gem\u00e4\u00df \u00a76 MDStV:<br \/>\nAnke Strickroth-Fiege | agency22.<\/p>\n<p>e-Mail: a.strickroth(at)amatustra.de<\/p>\n<p>amatustra geh\u00f6rt Anke Strickroth-Fiege |\u00a0 <a href=\"http:\/\/www.agency22.de\" target=\"_blank\" rel=\"noopener\">agency22<\/a>\u00a0 und deckt alle Services rund um die Fotografie ab. Es gelten die akt. g\u00fcltigen AGB von Anke Strickroth-Fiege | agency22.<\/p>\n<p>Gestaltung: agency22<br \/>\nmade with WordPress. ThanX!<\/p>\n<p>Plattform der EU-Kommission zur Online-Streitbeilegung: <a href=\"http:\/\/ec.europa.eu\/consumers\/odr\" target=\"_blank\" rel=\"noopener\">http:\/\/ec.europa.eu\/consumers\/odr<\/a><\/p>\n<p><strong>Urheberrecht<\/strong><br \/>\nWenn nicht anders vermerkt, liegen alle Bild- und Textrechte und die Video-, Ton- und Musikrechte bei Anke Strickroth-Fiege | agency22 und unterliegen deutschem Urheberrecht oder es sind Medien, deren Nutzungsrecht Anke Strickroth-Fiege | agency22 bzw. agency22 e\/motion + design GmbH &amp; Co. KG erworben hat und die dem Copyright Dritter unterliegen.<br \/>\nDie Vervielf\u00e4ltigung, Verwendung, das Herunterladen, deren Vertrieb oder die Weitergabe an Dritte ist untersagt und bedarf der schriftlichen Zustimmung von Anke Strickroth-Fiege | agency22.<br \/>\nDie aktuell g\u00fcltigen Allgemeinen Gesch\u00e4ftsbedingungen liegen in unseren B\u00fcror\u00e4umen f\u00fcr Sie aus.<\/p>\n<p><strong>Haftungsausschluss<\/strong><br \/>\nAlle bereitgestellten Informationen auf diesen (Web-)Seiten wurden sorgf\u00e4ltig gepr\u00fcft und werden regelm\u00e4\u00dfig gepflegt und aktualisiert. Alle Angaben sind freibleibend. Wir \u00fcbernehmen keinerlei Garantie daf\u00fcr, dass die Inhalte und Angaben zu jeder Zeit vollst\u00e4ndig, zutreffend und\/oder zeitlich aktuell sind. Explizit \u00fcbernehmen wir keine Haftung f\u00fcr die Inhalte externer Links auf die direkt oder indirekt verwiesen wird. F\u00fcr den Inhalt der verlinkten Seiten sind ausschlie\u00dflich deren Betreiber verantwortlich. Zudem k\u00f6nnen alle Inhalte ohne vorherige Ank\u00fcndigung ge\u00e4ndert, entfernt oder erg\u00e4nzt werden.<\/p>\n<p><strong>Facebook Social Plugins<\/strong><br \/>\nDie hier verwendeten Social Plugins (\u201cPlugins\u201d) des sozialen Netzwerkes facebook.com (Facebook Inc., 1601 S. California Ave, Palo Alto, CA 94304, USA) sind mit einem Facebook Logo oder dem Zusatz \u201cFacebook Social Plugin\u201d gekennzeichnet. Facebook wird ggf. (bei aktivierten FB-Account) Daten bzw. Aspekte Ihrer Interaktion bei uns speichern und u.a. in Ihr Facebook-Account intergrieren (z.B. bei der Aktivierung des \u201cgef\u00e4llt mir\u201d- Buttons) o.\u00e4.<\/p>\n<p><strong>Kontaktaufnahme vor Abmahnungsbescheid<\/strong><br \/>\nSollten die Aufmachung oder die Inhalte der Internetauftritte agency22.de oder amatustra.de fremde Rechte, Rechte Dritter oder gesetzliche Bestimmungen verletzen, so bitten wir Sie um eine entsprechende Nachricht ohne Kostennote.<br \/>\nWir garantieren, dass die zu Recht beanstandeten Texte bzw. Bilder unverz\u00fcglich entfernt werden, ohne dass von Ihrer Seite die Einschaltung eines Rechtsbeistandes erforderlich ist. Dennoch von Ihnen ohne vorherige Kontaktaufnahme ausgel\u00f6ste Kosten werden wir vollumf\u00e4nglich zur\u00fcckweisen und ggf. Gegenklage wegen Verletzung vorgenannter Bestimmungen einreichen.[\/napoli_custom_text_block][\/vc_column][\/vc_row]<\/p>\n<\/div>","protected":false},"excerpt":{"rendered":"<p>[vc_row][vc_column][napoli_custom_text_block title=&#8220;impressum&#8220;]amatustra fotografie \u2013 das Photo-Lab von agency22 Anke Strickroth-Fiege GbR | agency22 Hauptstrasse 22 D-61250 Usingen, Tel.: +49.(0)6081.44606-80 Fax: +49.(0)6081.44606-82 e-Mail: hello(at)agency22.de Sitz: Usingen i. Ts. Amtsgericht Bad Homburg v. d. H. Ust-Id-Nr.: (beantragt) Inhaltlich Verantwortlicher gem\u00e4\u00df \u00a76 MDStV: Anke Strickroth-Fiege | agency22. e-Mail: a.strickroth(at)amatustra.de amatustra geh\u00f6rt Anke Strickroth-Fiege |\u00a0 agency22\u00a0 und deckt alle [&hellip;]<\/p>\n","protected":false},"author":1,"featured_media":0,"parent":0,"menu_order":0,"comment_status":"closed","ping_status":"closed","template":"","meta":{"footnotes":""},"class_list":["post-117","page","type-page","status-publish","hentry"],"yoast_head":"<!-- This site is optimized with the Yoast SEO plugin v26.6 - https:\/\/yoast.com\/wordpress\/plugins\/seo\/ -->\n<title>Impressum - amatustra fotografie |&nbsp;Hochzeitsfotografen &bull;&nbsp;Hochzeitsfilm &bull; Schwangerschaft-, Baby-, Kinder-, Familienfotos &bull;&nbsp;Event- und gewerbliche Fotografie<\/title>\n<meta name=\"description\" content=\"amatustra ist das photo-lab von Anke Strickroth. Im Impressum sind alle rechtlich relevanten Informationen hinterlegt.\" \/>\n<meta name=\"robots\" content=\"index, follow, max-snippet:-1, max-image-preview:large, max-video-preview:-1\" \/>\n<link rel=\"canonical\" href=\"http:\/\/www.amatustra.de\/fotografie\/impressum\/\" \/>\n<meta property=\"og:locale\" content=\"de_DE\" \/>\n<meta property=\"og:type\" content=\"article\" \/>\n<meta property=\"og:title\" content=\"Impressum - amatustra fotografie |&nbsp;Hochzeitsfotografen &bull;&nbsp;Hochzeitsfilm &bull; Schwangerschaft-, Baby-, Kinder-, Familienfotos &bull;&nbsp;Event- und gewerbliche Fotografie\" \/>\n<meta property=\"og:description\" content=\"amatustra ist das photo-lab von Anke Strickroth. Im Impressum sind alle rechtlich relevanten Informationen hinterlegt.\" \/>\n<meta property=\"og:url\" content=\"http:\/\/www.amatustra.de\/fotografie\/impressum\/\" \/>\n<meta property=\"og:site_name\" content=\"amatustra fotografie |&nbsp;Hochzeitsfotografen &bull;&nbsp;Hochzeitsfilm &bull; Schwangerschaft-, Baby-, Kinder-, Familienfotos &bull;&nbsp;Event- und gewerbliche Fotografie\" \/>\n<meta property=\"article:publisher\" content=\"https:\/\/www.facebook.com\/amatustra\" \/>\n<meta property=\"article:modified_time\" content=\"2025-06-03T15:57:02+00:00\" \/>\n<meta name=\"twitter:card\" content=\"summary_large_image\" \/>\n<meta name=\"twitter:label1\" content=\"Gesch\u00e4tzte Lesezeit\" \/>\n\t<meta name=\"twitter:data1\" content=\"3\u00a0Minuten\" \/>\n<script type=\"application\/ld+json\" class=\"yoast-schema-graph\">{\"@context\":\"https:\/\/schema.org\",\"@graph\":[{\"@type\":\"WebPage\",\"@id\":\"http:\/\/www.amatustra.de\/fotografie\/impressum\/\",\"url\":\"http:\/\/www.amatustra.de\/fotografie\/impressum\/\",\"name\":\"Impressum - amatustra fotografie |&nbsp;Hochzeitsfotografen &bull;&nbsp;Hochzeitsfilm &bull; Schwangerschaft-, Baby-, Kinder-, Familienfotos &bull;&nbsp;Event- und gewerbliche Fotografie\",\"isPartOf\":{\"@id\":\"http:\/\/www.amatustra.de\/fotografie\/#website\"},\"datePublished\":\"2013-09-26T06:11:15+00:00\",\"dateModified\":\"2025-06-03T15:57:02+00:00\",\"description\":\"amatustra ist das photo-lab von Anke Strickroth. Im Impressum sind alle rechtlich relevanten Informationen hinterlegt.\",\"breadcrumb\":{\"@id\":\"http:\/\/www.amatustra.de\/fotografie\/impressum\/#breadcrumb\"},\"inLanguage\":\"de\",\"potentialAction\":[{\"@type\":\"ReadAction\",\"target\":[\"http:\/\/www.amatustra.de\/fotografie\/impressum\/\"]}]},{\"@type\":\"BreadcrumbList\",\"@id\":\"http:\/\/www.amatustra.de\/fotografie\/impressum\/#breadcrumb\",\"itemListElement\":[{\"@type\":\"ListItem\",\"position\":1,\"name\":\"Startseite\",\"item\":\"http:\/\/www.amatustra.de\/fotografie\/\"},{\"@type\":\"ListItem\",\"position\":2,\"name\":\"Impressum\"}]},{\"@type\":\"WebSite\",\"@id\":\"http:\/\/www.amatustra.de\/fotografie\/#website\",\"url\":\"http:\/\/www.amatustra.de\/fotografie\/\",\"name\":\"amatustra fotografie |&nbsp;Hochzeitsfotografen &bull;&nbsp;Hochzeitsfilm &bull; Schwangerschaft-, Baby-, Kinder-, Familienfotos &bull;&nbsp;Event- und gewerbliche Fotografie\",\"description\":\"\",\"publisher\":{\"@id\":\"http:\/\/www.amatustra.de\/fotografie\/#organization\"},\"potentialAction\":[{\"@type\":\"SearchAction\",\"target\":{\"@type\":\"EntryPoint\",\"urlTemplate\":\"http:\/\/www.amatustra.de\/fotografie\/?s={search_term_string}\"},\"query-input\":{\"@type\":\"PropertyValueSpecification\",\"valueRequired\":true,\"valueName\":\"search_term_string\"}}],\"inLanguage\":\"de\"},{\"@type\":\"Organization\",\"@id\":\"http:\/\/www.amatustra.de\/fotografie\/#organization\",\"name\":\"amatustra - strickroth & fiege fotografie\",\"url\":\"http:\/\/www.amatustra.de\/fotografie\/\",\"logo\":{\"@type\":\"ImageObject\",\"inLanguage\":\"de\",\"@id\":\"http:\/\/www.amatustra.de\/fotografie\/#\/schema\/logo\/image\/\",\"url\":\"http:\/\/www.amatustra.de\/fotografie\/wp-content\/uploads\/amatustra_fotografie_Logo__black_1338x412px.png\",\"contentUrl\":\"http:\/\/www.amatustra.de\/fotografie\/wp-content\/uploads\/amatustra_fotografie_Logo__black_1338x412px.png\",\"width\":1338,\"height\":412,\"caption\":\"amatustra - strickroth & fiege fotografie\"},\"image\":{\"@id\":\"http:\/\/www.amatustra.de\/fotografie\/#\/schema\/logo\/image\/\"},\"sameAs\":[\"https:\/\/www.facebook.com\/amatustra\",\"https:\/\/de.pinterest.com\/amatustra\/\",\"https:\/\/www.youtube.com\/user\/agency22\"]}]}<\/script>\n<!-- \/ Yoast SEO plugin. -->","yoast_head_json":{"title":"Impressum - amatustra fotografie |&nbsp;Hochzeitsfotografen &bull;&nbsp;Hochzeitsfilm &bull; Schwangerschaft-, Baby-, Kinder-, Familienfotos &bull;&nbsp;Event- und gewerbliche Fotografie","description":"amatustra ist das photo-lab von Anke Strickroth. Im Impressum sind alle rechtlich relevanten Informationen hinterlegt.","robots":{"index":"index","follow":"follow","max-snippet":"max-snippet:-1","max-image-preview":"max-image-preview:large","max-video-preview":"max-video-preview:-1"},"canonical":"http:\/\/www.amatustra.de\/fotografie\/impressum\/","og_locale":"de_DE","og_type":"article","og_title":"Impressum - amatustra fotografie |&nbsp;Hochzeitsfotografen &bull;&nbsp;Hochzeitsfilm &bull; Schwangerschaft-, Baby-, Kinder-, Familienfotos &bull;&nbsp;Event- und gewerbliche Fotografie","og_description":"amatustra ist das photo-lab von Anke Strickroth. Im Impressum sind alle rechtlich relevanten Informationen hinterlegt.","og_url":"http:\/\/www.amatustra.de\/fotografie\/impressum\/","og_site_name":"amatustra fotografie |&nbsp;Hochzeitsfotografen &bull;&nbsp;Hochzeitsfilm &bull; Schwangerschaft-, Baby-, Kinder-, Familienfotos &bull;&nbsp;Event- und gewerbliche Fotografie","article_publisher":"https:\/\/www.facebook.com\/amatustra","article_modified_time":"2025-06-03T15:57:02+00:00","twitter_card":"summary_large_image","twitter_misc":{"Gesch\u00e4tzte Lesezeit":"3\u00a0Minuten"},"schema":{"@context":"https:\/\/schema.org","@graph":[{"@type":"WebPage","@id":"http:\/\/www.amatustra.de\/fotografie\/impressum\/","url":"http:\/\/www.amatustra.de\/fotografie\/impressum\/","name":"Impressum - amatustra fotografie |&nbsp;Hochzeitsfotografen &bull;&nbsp;Hochzeitsfilm &bull; Schwangerschaft-, Baby-, Kinder-, Familienfotos &bull;&nbsp;Event- und gewerbliche Fotografie","isPartOf":{"@id":"http:\/\/www.amatustra.de\/fotografie\/#website"},"datePublished":"2013-09-26T06:11:15+00:00","dateModified":"2025-06-03T15:57:02+00:00","description":"amatustra ist das photo-lab von Anke Strickroth. Im Impressum sind alle rechtlich relevanten Informationen hinterlegt.","breadcrumb":{"@id":"http:\/\/www.amatustra.de\/fotografie\/impressum\/#breadcrumb"},"inLanguage":"de","potentialAction":[{"@type":"ReadAction","target":["http:\/\/www.amatustra.de\/fotografie\/impressum\/"]}]},{"@type":"BreadcrumbList","@id":"http:\/\/www.amatustra.de\/fotografie\/impressum\/#breadcrumb","itemListElement":[{"@type":"ListItem","position":1,"name":"Startseite","item":"http:\/\/www.amatustra.de\/fotografie\/"},{"@type":"ListItem","position":2,"name":"Impressum"}]},{"@type":"WebSite","@id":"http:\/\/www.amatustra.de\/fotografie\/#website","url":"http:\/\/www.amatustra.de\/fotografie\/","name":"amatustra fotografie |&nbsp;Hochzeitsfotografen &bull;&nbsp;Hochzeitsfilm &bull; Schwangerschaft-, Baby-, Kinder-, Familienfotos &bull;&nbsp;Event- und gewerbliche Fotografie","description":"","publisher":{"@id":"http:\/\/www.amatustra.de\/fotografie\/#organization"},"potentialAction":[{"@type":"SearchAction","target":{"@type":"EntryPoint","urlTemplate":"http:\/\/www.amatustra.de\/fotografie\/?s={search_term_string}"},"query-input":{"@type":"PropertyValueSpecification","valueRequired":true,"valueName":"search_term_string"}}],"inLanguage":"de"},{"@type":"Organization","@id":"http:\/\/www.amatustra.de\/fotografie\/#organization","name":"amatustra - strickroth & fiege fotografie","url":"http:\/\/www.amatustra.de\/fotografie\/","logo":{"@type":"ImageObject","inLanguage":"de","@id":"http:\/\/www.amatustra.de\/fotografie\/#\/schema\/logo\/image\/","url":"http:\/\/www.amatustra.de\/fotografie\/wp-content\/uploads\/amatustra_fotografie_Logo__black_1338x412px.png","contentUrl":"http:\/\/www.amatustra.de\/fotografie\/wp-content\/uploads\/amatustra_fotografie_Logo__black_1338x412px.png","width":1338,"height":412,"caption":"amatustra - strickroth & fiege fotografie"},"image":{"@id":"http:\/\/www.amatustra.de\/fotografie\/#\/schema\/logo\/image\/"},"sameAs":["https:\/\/www.facebook.com\/amatustra","https:\/\/de.pinterest.com\/amatustra\/","https:\/\/www.youtube.com\/user\/agency22"]}]}},"_links":{"self":[{"href":"http:\/\/www.amatustra.de\/fotografie\/wp-json\/wp\/v2\/pages\/117","targetHints":{"allow":["GET"]}}],"collection":[{"href":"http:\/\/www.amatustra.de\/fotografie\/wp-json\/wp\/v2\/pages"}],"about":[{"href":"http:\/\/www.amatustra.de\/fotografie\/wp-json\/wp\/v2\/types\/page"}],"author":[{"embeddable":true,"href":"http:\/\/www.amatustra.de\/fotografie\/wp-json\/wp\/v2\/users\/1"}],"replies":[{"embeddable":true,"href":"http:\/\/www.amatustra.de\/fotografie\/wp-json\/wp\/v2\/comments?post=117"}],"version-history":[{"count":33,"href":"http:\/\/www.amatustra.de\/fotografie\/wp-json\/wp\/v2\/pages\/117\/revisions"}],"predecessor-version":[{"id":8013,"href":"http:\/\/www.amatustra.de\/fotografie\/wp-json\/wp\/v2\/pages\/117\/revisions\/8013"}],"wp:attachment":[{"href":"http:\/\/www.amatustra.de\/fotografie\/wp-json\/wp\/v2\/media?parent=117"}],"curies":[{"name":"wp","href":"https:\/\/api.w.org\/{rel}","templated":true}]}}