{"version":"1.0","provider_name":"amatustra fotografie |&nbsp;Hochzeitsfotografen &bull;&nbsp;Hochzeitsfilm &bull; Schwangerschaft-, Baby-, Kinder-, Familienfotos &bull;&nbsp;Event- und gewerbliche Fotografie","provider_url":"http:\/\/www.amatustra.de\/fotografie","title":"Examina - amatustra fotografie |&nbsp;Hochzeitsfotografen &bull;&nbsp;Hochzeitsfilm &bull; Schwangerschaft-, Baby-, Kinder-, Familienfotos &bull;&nbsp;Event- und gewerbliche Fotografie","type":"rich","width":600,"height":338,"html":"<blockquote class=\"wp-embedded-content\" data-secret=\"f7UR3iCgXQ\"><a href=\"http:\/\/www.amatustra.de\/fotografie\/examina\/\">Examina<\/a><\/blockquote><iframe sandbox=\"allow-scripts\" security=\"restricted\" src=\"http:\/\/www.amatustra.de\/fotografie\/examina\/embed\/#?secret=f7UR3iCgXQ\" width=\"600\" height=\"338\" title=\"&#8222;Examina&#8220; &#8211; amatustra fotografie |&nbsp;Hochzeitsfotografen &bull;&nbsp;Hochzeitsfilm &bull; Schwangerschaft-, Baby-, Kinder-, Familienfotos &bull;&nbsp;Event- und gewerbliche Fotografie\" data-secret=\"f7UR3iCgXQ\" frameborder=\"0\" marginwidth=\"0\" marginheight=\"0\" scrolling=\"no\" class=\"wp-embedded-content\"><\/iframe><script type=\"text\/javascript\">\n\/* <![CDATA[ *\/\n\/*! This file is auto-generated *\/\n!function(d,l){\"use strict\";l.querySelector&&d.addEventListener&&\"undefined\"!=typeof URL&&(d.wp=d.wp||{},d.wp.receiveEmbedMessage||(d.wp.receiveEmbedMessage=function(e){var t=e.data;if((t||t.secret||t.message||t.value)&&!\/[^a-zA-Z0-9]\/.test(t.secret)){for(var s,r,n,a=l.querySelectorAll('iframe[data-secret=\"'+t.secret+'\"]'),o=l.querySelectorAll('blockquote[data-secret=\"'+t.secret+'\"]'),c=new RegExp(\"^https?:$\",\"i\"),i=0;i<o.length;i++)o[i].style.display=\"none\";for(i=0;i<a.length;i++)s=a[i],e.source===s.contentWindow&&(s.removeAttribute(\"style\"),\"height\"===t.message?(1e3<(r=parseInt(t.value,10))?r=1e3:~~r<200&&(r=200),s.height=r):\"link\"===t.message&&(r=new URL(s.getAttribute(\"src\")),n=new URL(t.value),c.test(n.protocol))&&n.host===r.host&&l.activeElement===s&&(d.top.location.href=t.value))}},d.addEventListener(\"message\",d.wp.receiveEmbedMessage,!1),l.addEventListener(\"DOMContentLoaded\",function(){for(var e,t,s=l.querySelectorAll(\"iframe.wp-embedded-content\"),r=0;r<s.length;r++)(t=(e=s[r]).getAttribute(\"data-secret\"))||(t=Math.random().toString(36).substring(2,12),e.src+=\"#?secret=\"+t,e.setAttribute(\"data-secret\",t)),e.contentWindow.postMessage({message:\"ready\",secret:t},\"*\")},!1)))}(window,document);\n\/\/# sourceURL=http:\/\/www.amatustra.de\/fotografie\/wp-includes\/js\/wp-embed.min.js\n\/* ]]> *\/\n<\/script>\n","thumbnail_url":"http:\/\/www.amatustra.de\/fotografie\/wp-content\/uploads\/2013\/09\/blog_examina_970621.png","thumbnail_width":394,"thumbnail_height":210,"description":"Als Abschlussarbeit im Rahmen ihres Grafik-Designstudiums verfasste Anke Strickroth ein hochwertiges Buch. Mit der seltenen und aufwendigen Japanischen Bindung f\u00e4llt es sofort ins Auge und ist auch haptisch etwas Besonderes. Dies lag in der Intension der K\u00fcnstlerin. Denn mit dem gew\u00e4hlten Titel \u201eDas Bad. Raum der Sinne.\u201c\u00a0 korrelieren Einband und Inhalt. So ist f\u00fcr jeden [&hellip;]"}

Als Abschlussarbeit im Rahmen ihres Grafik-Designstudiums verfasste Anke Strickroth ein hochwertiges Buch. Mit der seltenen und aufwendigen Japanischen Bindung fällt es sofort ins Auge und ist auch haptisch etwas Besonderes. Dies lag in der Intension der Künstlerin. Denn mit dem gewählten Titel „Das Bad. Raum der Sinne.“  korrelieren Einband und Inhalt. So ist für jeden [&hellip;]
